{"id":30182,"date":"2018-11-03T13:14:26","date_gmt":"2018-11-03T13:14:26","guid":{"rendered":"https:\/\/savokusic.com\/prodaja\/?post_type=product&#038;p=30182"},"modified":"2022-08-23T09:06:27","modified_gmt":"2022-08-23T08:06:27","slug":"sarka-90-samet","status":"publish","type":"product","link":"https:\/\/savokusic.com\/prodaja\/proizvod\/sarka-90-samet\/","title":{"rendered":"\u0160arka 90, Samet"},"content":{"rendered":"<p><strong>Niklovana \u0161arka STAR 90\u00b0 bez usporiva\u010da Specifikacije<\/strong><\/p>\n<table>\n<tbody>\n<tr>\n<td width=\"301\">\n<p style=\"text-align: center;\"><strong>Ugao otvaranja:<\/strong><\/p>\n<\/td>\n<td width=\"301\">\n<p style=\"text-align: center;\">110\u02da<\/p>\n<\/td>\n<\/tr>\n<tr>\n<td width=\"301\">\n<p style=\"text-align: center;\"><strong>Pre\u010dnik:<\/strong><\/p>\n<\/td>\n<td width=\"301\">\n<p style=\"text-align: center;\">\u00d835 mm<\/p>\n<\/td>\n<\/tr>\n<tr>\n<td width=\"301\">\n<p style=\"text-align: center;\"><strong>Dubina: <\/strong><\/p>\n<\/td>\n<td width=\"301\">\n<p style=\"text-align: center;\">11,2 mm<\/p>\n<\/td>\n<\/tr>\n<tr>\n<td width=\"301\">\n<p style=\"text-align: center;\"><strong> Telo \u0161arke:<\/strong><\/p>\n<\/td>\n<td width=\"301\">\n<p style=\"text-align: center;\">Zamak<\/p>\n<\/td>\n<\/tr>\n<tr>\n<td width=\"301\">\n<p style=\"text-align: center;\"><strong>Telo \u0161oljice: <\/strong><\/p>\n<\/td>\n<td width=\"301\">\n<p style=\"text-align: center;\">\u010celik<\/p>\n<\/td>\n<\/tr>\n<tr>\n<td width=\"301\">\n<p style=\"text-align: center;\"><strong>Zavr\u0161na obrada: <\/strong><\/p>\n<\/td>\n<td width=\"301\">\n<p style=\"text-align: center;\">Nikl<\/p>\n<\/td>\n<\/tr>\n<tr>\n<td width=\"301\">\n<p style=\"text-align: center;\"><strong>Pode\u0161avanje po dubini :<\/strong><\/p>\n<\/td>\n<td width=\"301\">\n<p style=\"text-align: center;\">\u00b1 3 mm<\/p>\n<\/td>\n<\/tr>\n<tr>\n<td width=\"301\">\n<p style=\"text-align: center;\"><strong>Proizvo\u0111a\u010d:<\/strong><\/p>\n<\/td>\n<td width=\"301\">\n<p style=\"text-align: center;\">Samet<\/p>\n<\/td>\n<\/tr>\n<tr>\n<td width=\"301\">\n<p style=\"text-align: center;\"><strong>Set\u00a0<\/strong><\/p>\n<\/td>\n<td width=\"301\">\n<p style=\"text-align: center;\">\u0160arka dolazi u setu sa podlo\u0161kama.<\/p>\n<\/td>\n<\/tr>\n<\/tbody>\n<\/table>\n<p>&nbsp;<\/p>\n","protected":false},"excerpt":{"rendered":"<p>Niklovana \u0161arka STAR 90\u00b0 bez usporiva\u010da Specifikacije Ugao otvaranja: 110\u02da Pre\u010dnik: \u00d835 mm Dubina: 11,2 mm Telo \u0161arke: Zamak Telo \u0161oljice: \u010celik Zavr\u0161na obrada: Nikl Pode\u0161avanje po dubini : \u00b1 3 mm Proizvo\u0111a\u010d: Samet Set\u00a0 \u0160arka dolazi u setu sa podlo\u0161kama. &nbsp;<\/p>\n","protected":false},"featured_media":30183,"comment_status":"open","ping_status":"closed","template":"","meta":[],"product_brand":[],"product_cat":[244,243,245,214,231,240,250,262,238],"product_tag":[],"class_list":{"0":"post-30182","1":"product","2":"type-product","3":"status-publish","4":"has-post-thumbnail","6":"product_cat-armchairs","7":"product_cat-cafe-stolice","8":"product_cat-forum-sitting","9":"product_cat-hodnici","10":"product_cat-kancelarija","11":"product_cat-metal-furniture","12":"product_cat-sarke","13":"product_cat-sarke-za-namestaj-bez-usporivaca","14":"product_cat-stolice-2","16":"first","17":"instock","18":"purchasable","19":"product-type-simple"},"_links":{"self":[{"href":"https:\/\/savokusic.com\/prodaja\/wp-json\/wp\/v2\/product\/30182","targetHints":{"allow":["GET"]}}],"collection":[{"href":"https:\/\/savokusic.com\/prodaja\/wp-json\/wp\/v2\/product"}],"about":[{"href":"https:\/\/savokusic.com\/prodaja\/wp-json\/wp\/v2\/types\/product"}],"replies":[{"embeddable":true,"href":"https:\/\/savokusic.com\/prodaja\/wp-json\/wp\/v2\/comments?post=30182"}],"wp:featuredmedia":[{"embeddable":true,"href":"https:\/\/savokusic.com\/prodaja\/wp-json\/wp\/v2\/media\/30183"}],"wp:attachment":[{"href":"https:\/\/savokusic.com\/prodaja\/wp-json\/wp\/v2\/media?parent=30182"}],"wp:term":[{"taxonomy":"product_brand","embeddable":true,"href":"https:\/\/savokusic.com\/prodaja\/wp-json\/wp\/v2\/product_brand?post=30182"},{"taxonomy":"product_cat","embeddable":true,"href":"https:\/\/savokusic.com\/prodaja\/wp-json\/wp\/v2\/product_cat?post=30182"},{"taxonomy":"product_tag","embeddable":true,"href":"https:\/\/savokusic.com\/prodaja\/wp-json\/wp\/v2\/product_tag?post=30182"}],"curies":[{"name":"wp","href":"https:\/\/api.w.org\/{rel}","templated":true}]}}