{"id":28269,"date":"2018-03-08T03:16:07","date_gmt":"2018-03-08T03:16:07","guid":{"rendered":"https:\/\/savokusic.com\/prodaja\/?post_type=product&#038;p=28269"},"modified":"2022-08-23T09:05:54","modified_gmt":"2022-08-23T08:05:54","slug":"connect-ii-arm-fotelja","status":"publish","type":"product","link":"https:\/\/savokusic.com\/prodaja\/proizvod\/connect-ii-arm-fotelja\/","title":{"rendered":"Connect II Arm-fotelja"},"content":{"rendered":"<p><span style=\"text-decoration: underline; font-size: medium;\"><strong>Meko sedenje: Connect II Arrm-fotelja specifikacije<\/strong><\/span><\/p>\n<table>\n<tbody>\n<tr>\n<td width=\"301\">\n<p style=\"text-align: center;\"><strong><span style=\"font-size: medium;\">Sedi\u0161te i naslon za sedenje<\/span><\/strong><\/p>\n<\/td>\n<td width=\"301\">\n<ul>\n<li>mekano tapacirano sedi\u0161te i naslon<\/li>\n<\/ul>\n<\/td>\n<\/tr>\n<tr>\n<td width=\"301\">\n<p style=\"text-align: center;\"><strong><span style=\"font-size: medium;\">Ram<\/span><\/strong><\/p>\n<\/td>\n<td width=\"301\">\n<ul>\n<li>hromirani metalni okvir<\/li>\n<\/ul>\n<\/td>\n<\/tr>\n<tr>\n<td width=\"301\">\n<p style=\"text-align: center;\"><strong><span style=\"font-size: medium;\">Naslon za ruke<\/span><\/strong><\/p>\n<\/td>\n<td width=\"301\">\n<ul>\n<li>\u010deli\u010dni naslon za ruke sa drvenim jastu\u010dic\u0301ima<\/li>\n<li>opcija fotelje i bez naslona<\/li>\n<\/ul>\n<\/td>\n<\/tr>\n<tr>\n<td width=\"301\">\n<p style=\"text-align: center;\"><strong><span style=\"font-size: medium;\">Ostalo<\/span><\/strong><\/p>\n<\/td>\n<td width=\"301\">\n<ul>\n<li>proizvodna linija sadr\u017ei i stolove<\/li>\n<li>povezujuc\u0301e police u 3 razli\u010dita oblika, ugao 60 i 90 stepeni i dimenzija 51&#215;51<\/li>\n<\/ul>\n<\/td>\n<\/tr>\n<\/tbody>\n<\/table>\n<p><span style=\"font-size: medium;\">\u00a0<\/span><\/p>\n","protected":false},"excerpt":{"rendered":"<p>Meko sedenje: Connect II Arrm-fotelja specifikacije Sedi\u0161te i naslon za sedenje mekano tapacirano sedi\u0161te i naslon Ram hromirani metalni okvir Naslon za ruke \u010deli\u010dni naslon za ruke sa drvenim jastu\u010dic\u0301ima opcija fotelje i bez naslona Ostalo proizvodna linija sadr\u017ei i stolove povezujuc\u0301e police u 3 razli\u010dita oblika, ugao 60 i 90 stepeni i dimenzija 51&#215;51 [&hellip;]<\/p>\n","protected":false},"featured_media":28318,"comment_status":"open","ping_status":"closed","template":"","meta":[],"product_brand":[],"product_cat":[244,247,231,206],"product_tag":[],"class_list":{"0":"post-28269","1":"product","2":"type-product","3":"status-publish","4":"has-post-thumbnail","6":"product_cat-armchairs","7":"product_cat-fotelje","8":"product_cat-kancelarija","9":"product_cat-za-dnevnu","10":"pa_basis-hromiran-metal","11":"pa_platno-bn1005","12":"pa_platno-bn1008","13":"pa_platno-bn2036","14":"pa_platno-bn3012","15":"pa_platno-bn4011","16":"pa_platno-bn5004","17":"pa_platno-bn6016","18":"pa_platno-bn7048","19":"pa_platno-bn8010","20":"pa_platno-bn8033","21":"pa_platno-bn8078","22":"pa_platno-c11-canvas","23":"pa_platno-c12-canvas","24":"pa_platno-c14-canvas","25":"pa_platno-c2-canvas","26":"pa_platno-c24-canvas","27":"pa_platno-c26-canvas","28":"pa_platno-c29-canvas","29":"pa_platno-c32-canvas","30":"pa_platno-c34-canvas","31":"pa_platno-c38-canvas","32":"pa_platno-c4-canvas","33":"pa_platno-c47-canvas","34":"pa_platno-c6-canvas","35":"pa_platno-c7-canvas","36":"pa_platno-c73-canvas","37":"pa_platno-cn-200","38":"pa_platno-cn-204","39":"pa_platno-cn-206","40":"pa_platno-cn-210","41":"pa_platno-cn-76","42":"pa_platno-cn-79","43":"pa_platno-cn-9","44":"pa_platno-cn-97","45":"pa_platno-m04-canvas","46":"pa_platno-m07-canvas","47":"pa_platno-m12-canvas","48":"pa_platno-m15-canvas","49":"pa_platno-m25-canvas","50":"pa_platno-m28-canvas","51":"pa_platno-m31-canvas","52":"pa_platno-m38-canvas","53":"pa_platno-m43-canvas","54":"pa_platno-m47-canvas","55":"pa_platno-m54-canvas","56":"pa_platno-m56-canvas","57":"pa_platno-m62-canvas","58":"pa_platno-m81-canvas","59":"pa_platno-sm-01","60":"pa_platno-sm-02","61":"pa_platno-sm-03","62":"pa_platno-sm-04","63":"pa_platno-sm-05","64":"pa_platno-sm-06","65":"pa_platno-sm-07","66":"pa_platno-sm-08","67":"pa_platno-sm-09","68":"pa_platno-sm-10","69":"pa_platno-sm-11","70":"pa_platno-sm-12","71":"pa_platno-wk-008","72":"pa_platno-wk-012","73":"pa_platno-wk-018","74":"pa_platno-wk-021","75":"pa_platno-xr005","76":"pa_platno-xr009","77":"pa_platno-xr026","78":"pa_platno-xr069","79":"pa_platno-xr072","80":"pa_platno-xr073","81":"pa_platno-xr076","82":"pa_platno-xr079","83":"pa_platno-xr081","84":"pa_platno-xr091","85":"pa_platno-xr101","86":"pa_platno-xr108","87":"pa_platno-xr159","88":"pa_platno-xr160","89":"pa_platno-yb-009","90":"pa_platno-yb-026","91":"pa_platno-yb-046","92":"pa_platno-yb-090","93":"pa_platno-yb-093","94":"pa_platno-yb-094","95":"pa_platno-yb-097","96":"pa_platno-yb-102","97":"pa_platno-yb-105","98":"pa_platno-yb-130","99":"pa_platno-yb-156","100":"pa_platno-yb200","101":"pa_platno-zt-11","102":"pa_platno-zt-13","103":"pa_platno-zt-15","104":"pa_platno-zt-18","105":"pa_platno-zt-2","106":"pa_platno-zt-22","107":"pa_platno-zt-23","108":"pa_platno-zt-24","109":"pa_platno-zt-25","110":"pa_platno-zt-5","111":"pa_platno-zt-7","112":"pa_rukonasloni-da-2","113":"pa_rukonasloni-fiksni","114":"pa_rukonasloni-ne-2","115":"pa_rukonasloni-oblozeni-drvetom","116":"pa_rukonasloni-podesivi","117":"pa_rukonasloni-podesivi-3d","118":"pa_rukonasloni-tapacirani","119":"pa_tapacir-platno-bn","121":"first","122":"instock","123":"purchasable","124":"product-type-variable"},"_links":{"self":[{"href":"https:\/\/savokusic.com\/prodaja\/wp-json\/wp\/v2\/product\/28269","targetHints":{"allow":["GET"]}}],"collection":[{"href":"https:\/\/savokusic.com\/prodaja\/wp-json\/wp\/v2\/product"}],"about":[{"href":"https:\/\/savokusic.com\/prodaja\/wp-json\/wp\/v2\/types\/product"}],"replies":[{"embeddable":true,"href":"https:\/\/savokusic.com\/prodaja\/wp-json\/wp\/v2\/comments?post=28269"}],"wp:featuredmedia":[{"embeddable":true,"href":"https:\/\/savokusic.com\/prodaja\/wp-json\/wp\/v2\/media\/28318"}],"wp:attachment":[{"href":"https:\/\/savokusic.com\/prodaja\/wp-json\/wp\/v2\/media?parent=28269"}],"wp:term":[{"taxonomy":"product_brand","embeddable":true,"href":"https:\/\/savokusic.com\/prodaja\/wp-json\/wp\/v2\/product_brand?post=28269"},{"taxonomy":"product_cat","embeddable":true,"href":"https:\/\/savokusic.com\/prodaja\/wp-json\/wp\/v2\/product_cat?post=28269"},{"taxonomy":"product_tag","embeddable":true,"href":"https:\/\/savokusic.com\/prodaja\/wp-json\/wp\/v2\/product_tag?post=28269"}],"curies":[{"name":"wp","href":"https:\/\/api.w.org\/{rel}","templated":true}]}}