{"id":2248,"date":"2018-01-21T04:20:57","date_gmt":"2018-01-21T04:20:57","guid":{"rendered":"https:\/\/savokusic.com\/prodaja\/?post_type=product&#038;p=2248"},"modified":"2022-08-23T09:06:31","modified_gmt":"2022-08-23T08:06:31","slug":"solo-hr","status":"publish","type":"product","link":"https:\/\/savokusic.com\/prodaja\/proizvod\/solo-hr\/","title":{"rendered":"Solo HR"},"content":{"rendered":"<p>&nbsp;<\/p>\n<p><span style=\"text-decoration: underline; font-size: medium;\"><strong>Stolica za kancelariju Solo<\/strong><\/span><\/p>\n<table>\n<tbody>\n<tr>\n<td width=\"312\">\n<p style=\"text-align: center;\"><strong><span style=\"font-size: medium;\">Sedi\u0161te i le\u0111a<\/span><\/strong><\/p>\n<\/td>\n<td width=\"312\">\n<ul>\n<li>Ergonomski profilisani.<\/li>\n<li>Naslon za glavu<\/li>\n<li>Ugodan naslon za glavu, podesiva visina.<\/li>\n<\/ul>\n<\/td>\n<\/tr>\n<tr>\n<td width=\"312\">\n<p style=\"text-align: center;\"><strong><span style=\"font-size: medium;\">Naslon za ruke\u00a0<\/span><\/strong><\/p>\n<\/td>\n<td width=\"312\">\n<ul>\n<li>Nasloni za ruke koji su podesivi po visini i oko njihove osi<\/li>\n<\/ul>\n<\/td>\n<\/tr>\n<tr>\n<td width=\"312\">\n<p style=\"text-align: center;\"><strong><span style=\"font-size: medium;\">Mehanizam<\/span><\/strong><\/p>\n<\/td>\n<td width=\"312\">\n<ul>\n<li>pru\u017ea besplatne ljulja\u0161ke.<\/li>\n<li>sinhroni odvrtanje le\u0111a i sedi\u0161ta u odnosu 2: 1.<\/li>\n<li>sposobnost zaklju\u010davanja sedi\u0161ta i nazad na 5 pozicija.<\/li>\n<li>podesite sila odstupanja prema te\u017eini korisnika.<\/li>\n<li>Antishoot-efekt \u0161titi korisnika od iznenadnog &#8222;naginjanja&#8220; ili odbijanja naslona za ruku dok otklju\u010dava mehanizam.<\/li>\n<\/ul>\n<\/td>\n<\/tr>\n<tr>\n<td width=\"312\">\n<p style=\"text-align: center;\"><strong><span style=\"font-size: medium;\">Baza<\/span><\/strong><\/p>\n<\/td>\n<td width=\"312\">\n<ul>\n<li>Polirani aluminijum<\/li>\n<\/ul>\n<\/td>\n<\/tr>\n<tr>\n<td width=\"312\">\n<p style=\"text-align: center;\"><strong><span style=\"font-size: medium;\">Druge kvalitete i opcije<\/span><\/strong><\/p>\n<\/td>\n<td width=\"312\">\n<ul>\n<li>Podesiva visina sedi\u0161ta.<\/li>\n<li>Na neoperabilnim povr\u0161inama dozvoljeno je koristiti umjetnu ko\u017eu<\/li>\n<\/ul>\n<\/td>\n<\/tr>\n<tr>\n<td width=\"312\">\n<p style=\"text-align: center;\"><strong>Boje<\/strong><\/p>\n<\/td>\n<td width=\"312\">Za boje CN 9 i CN 206 rok dostave je 10-15 dana.<\/p>\n<p>ZA ostale boje rok dostave je do 25 dana.<\/td>\n<\/tr>\n<\/tbody>\n<\/table>\n<p>&nbsp;<\/p>\n","protected":false},"excerpt":{"rendered":"<p>SINHRON ES \u2013 regulisanje naklona naslona sinhrono u odnosu na sedi\u0161te, sa mogu\u0107no\u0161\u0107u zaklju\u010davanja u 5 pozicija.<\/p>\n","protected":false},"featured_media":30878,"comment_status":"open","ping_status":"closed","template":"","meta":[],"product_brand":[],"product_cat":[231,241,238],"product_tag":[],"class_list":{"0":"post-2248","1":"product","2":"type-product","3":"status-publish","4":"has-post-thumbnail","6":"product_cat-kancelarija","7":"product_cat-menadzerske-stolice","8":"product_cat-stolice-2","9":"pa_basis-poliran-aluminijum","10":"pa_materials-platno-cn","11":"pa_mehanizam-sinhron-es","12":"pa_platno-bn1005","13":"pa_platno-bn1008","14":"pa_platno-bn2036","15":"pa_platno-bn3012","16":"pa_platno-bn4011","17":"pa_platno-bn5004","18":"pa_platno-bn6016","19":"pa_platno-bn7048","20":"pa_platno-bn8010","21":"pa_platno-bn8033","22":"pa_platno-bn8078","23":"pa_platno-c11-canvas","24":"pa_platno-c12-canvas","25":"pa_platno-c14-canvas","26":"pa_platno-c2-canvas","27":"pa_platno-c24-canvas","28":"pa_platno-c26-canvas","29":"pa_platno-c29-canvas","30":"pa_platno-c32-canvas","31":"pa_platno-c34-canvas","32":"pa_platno-c38-canvas","33":"pa_platno-c4-canvas","34":"pa_platno-c47-canvas","35":"pa_platno-c6-canvas","36":"pa_platno-c7-canvas","37":"pa_platno-c73-canvas","38":"pa_platno-cn-200","39":"pa_platno-cn-204","40":"pa_platno-cn-206","41":"pa_platno-cn-210","42":"pa_platno-cn-76","43":"pa_platno-cn-79","44":"pa_platno-cn-9","45":"pa_platno-cn-97","46":"pa_platno-m04-canvas","47":"pa_platno-m07-canvas","48":"pa_platno-m12-canvas","49":"pa_platno-m15-canvas","50":"pa_platno-m25-canvas","51":"pa_platno-m28-canvas","52":"pa_platno-m31-canvas","53":"pa_platno-m38-canvas","54":"pa_platno-m43-canvas","55":"pa_platno-m47-canvas","56":"pa_platno-m54-canvas","57":"pa_platno-m56-canvas","58":"pa_platno-m62-canvas","59":"pa_platno-m81-canvas","60":"pa_platno-sm-01","61":"pa_platno-sm-02","62":"pa_platno-sm-03","63":"pa_platno-sm-04","64":"pa_platno-sm-05","65":"pa_platno-sm-06","66":"pa_platno-sm-07","67":"pa_platno-sm-08","68":"pa_platno-sm-09","69":"pa_platno-sm-10","70":"pa_platno-sm-11","71":"pa_platno-sm-12","72":"pa_platno-wk-008","73":"pa_platno-wk-012","74":"pa_platno-wk-018","75":"pa_platno-wk-021","76":"pa_platno-xr005","77":"pa_platno-xr009","78":"pa_platno-xr026","79":"pa_platno-xr069","80":"pa_platno-xr072","81":"pa_platno-xr073","82":"pa_platno-xr076","83":"pa_platno-xr079","84":"pa_platno-xr081","85":"pa_platno-xr091","86":"pa_platno-xr101","87":"pa_platno-xr108","88":"pa_platno-xr159","89":"pa_platno-xr160","90":"pa_platno-yb-009","91":"pa_platno-yb-026","92":"pa_platno-yb-046","93":"pa_platno-yb-090","94":"pa_platno-yb-093","95":"pa_platno-yb-094","96":"pa_platno-yb-097","97":"pa_platno-yb-102","98":"pa_platno-yb-105","99":"pa_platno-yb-130","100":"pa_platno-yb-156","101":"pa_platno-yb200","102":"pa_platno-zt-11","103":"pa_platno-zt-13","104":"pa_platno-zt-15","105":"pa_platno-zt-18","106":"pa_platno-zt-2","107":"pa_platno-zt-22","108":"pa_platno-zt-23","109":"pa_platno-zt-24","110":"pa_platno-zt-25","111":"pa_platno-zt-5","112":"pa_platno-zt-7","113":"pa_rukonasloni-fiksni","115":"first","116":"instock","117":"purchasable","118":"product-type-variable"},"_links":{"self":[{"href":"https:\/\/savokusic.com\/prodaja\/wp-json\/wp\/v2\/product\/2248","targetHints":{"allow":["GET"]}}],"collection":[{"href":"https:\/\/savokusic.com\/prodaja\/wp-json\/wp\/v2\/product"}],"about":[{"href":"https:\/\/savokusic.com\/prodaja\/wp-json\/wp\/v2\/types\/product"}],"replies":[{"embeddable":true,"href":"https:\/\/savokusic.com\/prodaja\/wp-json\/wp\/v2\/comments?post=2248"}],"wp:featuredmedia":[{"embeddable":true,"href":"https:\/\/savokusic.com\/prodaja\/wp-json\/wp\/v2\/media\/30878"}],"wp:attachment":[{"href":"https:\/\/savokusic.com\/prodaja\/wp-json\/wp\/v2\/media?parent=2248"}],"wp:term":[{"taxonomy":"product_brand","embeddable":true,"href":"https:\/\/savokusic.com\/prodaja\/wp-json\/wp\/v2\/product_brand?post=2248"},{"taxonomy":"product_cat","embeddable":true,"href":"https:\/\/savokusic.com\/prodaja\/wp-json\/wp\/v2\/product_cat?post=2248"},{"taxonomy":"product_tag","embeddable":true,"href":"https:\/\/savokusic.com\/prodaja\/wp-json\/wp\/v2\/product_tag?post=2248"}],"curies":[{"name":"wp","href":"https:\/\/api.w.org\/{rel}","templated":true}]}}