{"id":1782,"date":"2018-01-20T04:38:29","date_gmt":"2018-01-20T04:38:29","guid":{"rendered":"https:\/\/savokusic.com\/prodaja\/?post_type=product&#038;p=1782"},"modified":"2022-08-23T09:01:33","modified_gmt":"2022-08-23T08:01:33","slug":"orion-steel","status":"publish","type":"product","link":"https:\/\/savokusic.com\/prodaja\/proizvod\/orion-steel\/","title":{"rendered":"Orion steel"},"content":{"rendered":"<p><span style=\"text-decoration: underline; font-size: medium;\"><strong>Stolica za kancelariju Orion Steel Specifikacije<\/strong><\/span><\/p>\n<table>\n<tbody>\n<tr>\n<td width=\"301\">\n<p style=\"text-align: center;\"><strong><span style=\"font-size: medium;\">Sedi\u0161te i naslon za sedenje<\/span><\/strong><\/p>\n<p style=\"text-align: center;\">\n<\/td>\n<td width=\"301\">\n<ul>\n<li>\u0161iroko udobno sedi\u0161te i ergonomski profilisani naslon<\/li>\n<li>udoban, visok naslon<\/li>\n<li>naslon na zadnjoj strani na obe strane<\/li>\n<\/ul>\n<\/td>\n<\/tr>\n<tr>\n<td width=\"301\">\n<p style=\"text-align: center;\"><strong><span style=\"font-size: medium;\">Mehanizam<\/span><\/strong><\/p>\n<\/td>\n<td width=\"301\">\n<ul>\n<li>slobodno plivajuc\u0301e sedi\u0161te i naslon<\/li>\n<li>maksimalni ugao nagiba naslona 16\u02da<\/li>\n<li>moguc\u0301nost zaklju\u010davanja sedi\u0161ta i naslona na 5 pozicija<\/li>\n<li>podesiva sila nagiba naslona<\/li>\n<li>Anti-shock &#8211; funkcija kontroli\u0161e naslon za le\u0111a kako bi se izbeglo udaranje korisnika nazad<\/li>\n<li>ravnomerno podesiva visina stolice sa pneumatskim podizanjem<\/li>\n<\/ul>\n<\/td>\n<\/tr>\n<tr>\n<td width=\"301\">\n<p style=\"text-align: center;\"><strong><span style=\"font-size: medium;\">Nasloni za ruke<\/span><\/strong><\/p>\n<\/td>\n<td width=\"301\">\n<ul>\n<li>\u010deli\u010dni naslon za ruke sa mekanim tapaciranim jastu\u010dic\u0301ima<\/li>\n<\/ul>\n<\/td>\n<\/tr>\n<tr>\n<td width=\"301\">\n<p style=\"text-align: center;\"><strong><span style=\"font-size: medium;\">Baza<\/span><\/strong><\/p>\n<\/td>\n<td width=\"301\">\n<ul>\n<li>polirani aluminijum<\/li>\n<\/ul>\n<\/td>\n<\/tr>\n<\/tbody>\n<\/table>\n<p><span style=\"font-size: medium;\">\u00a0<\/span><\/p>\n","protected":false},"excerpt":{"rendered":"<p>Stolica za kancelariju Orion Steel Specifikacije Sedi\u0161te i naslon za sedenje \u0161iroko udobno sedi\u0161te i ergonomski profilisani naslon udoban, visok naslon naslon na zadnjoj strani na obe strane Mehanizam slobodno plivajuc\u0301e sedi\u0161te i naslon maksimalni ugao nagiba naslona 16\u02da moguc\u0301nost zaklju\u010davanja sedi\u0161ta i naslona na 5 pozicija podesiva sila nagiba naslona Anti-shock &#8211; funkcija kontroli\u0161e [&hellip;]<\/p>\n","protected":false},"featured_media":30784,"comment_status":"open","ping_status":"closed","template":"","meta":[],"product_brand":[],"product_cat":[231,241,238],"product_tag":[],"class_list":{"0":"post-1782","1":"product","2":"type-product","3":"status-publish","4":"has-post-thumbnail","6":"product_cat-kancelarija","7":"product_cat-menadzerske-stolice","8":"product_cat-stolice-2","9":"pa_back-eko-koza","10":"pa_basis-poliran-aluminijum","11":"pa_materials-prirodna-koza-le-0-9-1-1-mm","12":"pa_materials-prirodna-koza-sd-debljina-0-9-1-1-mm","13":"pa_mehanizam-multiblock","14":"pa_prirodna-koza-le01","15":"pa_prirodna-koza-le06","16":"pa_prirodna-koza-le13","17":"pa_prirodna-koza-le14","18":"pa_prirodna-koza-q1","19":"pa_prirodna-koza-q10","20":"pa_prirodna-koza-q12","21":"pa_prirodna-koza-q14","22":"pa_prirodna-koza-q2","23":"pa_prirodna-koza-q7","24":"pa_prirodna-koza-q9","25":"pa_prirodna-koza-sd-01","26":"pa_prirodna-koza-sd-03","27":"pa_prirodna-koza-sd-04","28":"pa_prirodna-koza-sd-06","29":"pa_prirodna-koza-sd-07","30":"pa_prirodna-koza-sd-08","31":"pa_prirodna-koza-sd-09","32":"pa_prirodna-koza-sd-15","33":"pa_prirodna-koza-sd-16","34":"pa_prirodna-koza-sp-01","35":"pa_prirodna-koza-sp-02","36":"pa_prirodna-koza-sp-03","37":"pa_prirodna-koza-sp-06","38":"pa_prirodna-koza-sp-07","39":"pa_prirodna-koza-sp-11","40":"pa_prirodna-koza-sp-12","41":"pa_rukonasloni-fiksni","43":"first","44":"instock","45":"purchasable","46":"product-type-variable"},"_links":{"self":[{"href":"https:\/\/savokusic.com\/prodaja\/wp-json\/wp\/v2\/product\/1782","targetHints":{"allow":["GET"]}}],"collection":[{"href":"https:\/\/savokusic.com\/prodaja\/wp-json\/wp\/v2\/product"}],"about":[{"href":"https:\/\/savokusic.com\/prodaja\/wp-json\/wp\/v2\/types\/product"}],"replies":[{"embeddable":true,"href":"https:\/\/savokusic.com\/prodaja\/wp-json\/wp\/v2\/comments?post=1782"}],"wp:featuredmedia":[{"embeddable":true,"href":"https:\/\/savokusic.com\/prodaja\/wp-json\/wp\/v2\/media\/30784"}],"wp:attachment":[{"href":"https:\/\/savokusic.com\/prodaja\/wp-json\/wp\/v2\/media?parent=1782"}],"wp:term":[{"taxonomy":"product_brand","embeddable":true,"href":"https:\/\/savokusic.com\/prodaja\/wp-json\/wp\/v2\/product_brand?post=1782"},{"taxonomy":"product_cat","embeddable":true,"href":"https:\/\/savokusic.com\/prodaja\/wp-json\/wp\/v2\/product_cat?post=1782"},{"taxonomy":"product_tag","embeddable":true,"href":"https:\/\/savokusic.com\/prodaja\/wp-json\/wp\/v2\/product_tag?post=1782"}],"curies":[{"name":"wp","href":"https:\/\/api.w.org\/{rel}","templated":true}]}}